{"id":841,"date":"2026-03-14T14:29:33","date_gmt":"2026-03-14T13:29:33","guid":{"rendered":"http:\/\/seibukan-verband.de\/blog\/?page_id=841"},"modified":"2026-03-29T18:19:38","modified_gmt":"2026-03-29T16:19:38","slug":"ehrenmitglieder","status":"publish","type":"page","link":"http:\/\/seibukan-verband.de\/blog\/ehrenmitglieder\/","title":{"rendered":"Ehrenmitglieder"},"content":{"rendered":"\n<p><strong>Sch\u00fctz, J\u00f6rg R\u00fcdiger aus Bielefeld-Heepen<\/strong> <em>(\u2020 2012)<\/em><\/p>\n\n\n\n<p><em>Begr\u00fcnder des Seibukan<\/em><\/p>\n\n\n\n<p>3. Dan Karate Do<\/p>\n\n\n\n<p><strong>Gnotke, Sebastian aus M\u00f6nchengladbach <\/strong><\/p>\n\n\n\n<p>8ter Dan Ju-Jutsu<\/p>\n\n\n\n<p><strong>Goldmann , Hans-J\u00fcrgen  aus Sankt Augustin<\/strong> <\/p>\n\n\n\n<p>8ter Dan Kung Fu<\/p>\n\n\n\n<p><strong>Meier-Gosselk, Georg  aus Willlich <\/strong><\/p>\n\n\n\n<p>6ter Dan Ju-Jutsu<\/p>\n\n\n\n<p><strong>Polzin , Walter aus Fl\u00fcren <\/strong> <em>(\u2020 2014)<\/em><\/p>\n\n\n\n<p>10ter Dan Kempo<\/p>\n\n\n\n<p><strong>Stobbe, Gerd aus Moers <\/strong><em>(\u2020 2010)<\/em><\/p>\n\n\n\n<p>10ter Dan Kempo<\/p>\n\n\n\n<p><strong>Stumpf, Andrea  aus Hemer <\/strong><\/p>\n\n\n\n<p>4ter Dan Kempo<\/p>\n\n\n\n<p><strong>Stumpf, D.Benedetto  aus Hemer <\/strong><\/p>\n\n\n\n<p>10ter Dan Kempo<\/p>\n\n\n\n<p><strong>Manfred L. Rosen  aus Arnsberg<\/strong><\/p>\n\n\n\n<p>10ter Dan Kempo<\/p>\n\n\n\n<p><\/p>\n","protected":false},"excerpt":{"rendered":"<p>Sch\u00fctz, J\u00f6rg R\u00fcdiger aus Bielefeld-Heepen (\u2020 2012) Begr\u00fcnder des Seibukan 3. Dan Karate Do Gnotke, Sebastian aus M\u00f6nchengladbach 8ter Dan Ju-Jutsu Goldmann , Hans-J\u00fcrgen aus Sankt Augustin 8ter Dan Kung Fu Meier-Gosselk, Georg aus Willlich 6ter Dan Ju-Jutsu Polzin , Walter aus Fl\u00fcren (\u2020 2014) 10ter Dan Kempo Stobbe, Gerd aus Moers (\u2020 2010) 10ter &hellip; <\/p>\n<p class=\"link-more\"><a href=\"http:\/\/seibukan-verband.de\/blog\/ehrenmitglieder\/\" class=\"more-link\"><span class=\"screen-reader-text\">\u201eEhrenmitglieder\u201c <\/span>weiterlesen<\/a><\/p>\n","protected":false},"author":1,"featured_media":0,"parent":0,"menu_order":0,"comment_status":"closed","ping_status":"closed","template":"","meta":{"footnotes":""},"class_list":["post-841","page","type-page","status-publish","hentry"],"_links":{"self":[{"href":"http:\/\/seibukan-verband.de\/blog\/wp-json\/wp\/v2\/pages\/841","targetHints":{"allow":["GET"]}}],"collection":[{"href":"http:\/\/seibukan-verband.de\/blog\/wp-json\/wp\/v2\/pages"}],"about":[{"href":"http:\/\/seibukan-verband.de\/blog\/wp-json\/wp\/v2\/types\/page"}],"author":[{"embeddable":true,"href":"http:\/\/seibukan-verband.de\/blog\/wp-json\/wp\/v2\/users\/1"}],"replies":[{"embeddable":true,"href":"http:\/\/seibukan-verband.de\/blog\/wp-json\/wp\/v2\/comments?post=841"}],"version-history":[{"count":6,"href":"http:\/\/seibukan-verband.de\/blog\/wp-json\/wp\/v2\/pages\/841\/revisions"}],"predecessor-version":[{"id":918,"href":"http:\/\/seibukan-verband.de\/blog\/wp-json\/wp\/v2\/pages\/841\/revisions\/918"}],"wp:attachment":[{"href":"http:\/\/seibukan-verband.de\/blog\/wp-json\/wp\/v2\/media?parent=841"}],"curies":[{"name":"wp","href":"https:\/\/api.w.org\/{rel}","templated":true}]}}